the remainder when 1836056 is divided by 1835783.
273
Calculate the remainder when 3291649 is divided by 4377.
145
Calculate the remainder when 903401 is divided by 1947.
1940
Calculate the remainder when 248566426 is divided by 31070800.
26
Calculate the remainder when 1129591 is divided by 319.
12
Calculate the remainder when 20810895 is divided by 1100.
1095
What is the remainder when 8440871 is divided by 9?
5
Calculate the remainder when 240984 is divided by 3544.
3536
Calculate the remainder when 9625188 is divided by 62.
60
What is the remainder when 12744944 is divided by 26?
4
What is the remainder when 2953687 is divided by 4764?
7
Calculate the remainder when 91573 is divided by 322.
125
Calculate the remainder when 16441 is divided by 450.
241
Calculate the remainder when 396011 is divided by 1265.
66
Calculate the remainder when 27203849 is divided by 56793.
2
Calculate the remainder when 665059 is divided by 850.
359
What is the remainder when 4230488 is divided by 4230477?
11
Calculate the remainder when 1719533 is divided by 986.
935
Calculate the remainder when 209070257 is divided by 140.
137
What is the remainder when 172661091 is divided by 6?
3
What is the remainder when 144027 is divided by 4093?
772
What is the remainder when 209282924 is divided by 182?
32
Calculate the remainder when 130317 is divided by 42935.
1512
Calculate the remainder when 1478369 is divided by 246366.
173
What is the remainder when 45651850 is divided by 5627?
5626
Calculate the remainder when 653627 is divided by 732.
683
Calculate the remainder when 499822 is divided by 14602.
3354
Calculate the remainder when 74584611 is divided by 12057.
9
What is the remainder when 196905 is divided by 7702?
4355
What is the remainder when 406309 is divided by 834?
151
What is the remainder when 303193 is divided by 75565?
933
What is the remainder when 3774605 is divided by 20403?
50
Calculate the remainder when 10373 is divided by 2175.
1673
What is the remainder when 47848 is divided by 874?
652
Calculate the remainder when 509857 is divided by 39154.
855
Calculate the remainder when 73533595 is divided by 43306.
7
Calculate the remainder when 23070301 is divided by 2554.
19
Calculate the remainder when 565077 is divided by 7435.
17
What is the remainder when 1024780 is divided by 2817?
2209
What is the remainder when 37311 is divided by 5278?
365
What is the remainder when 2049091432 is divided by 1662?
1660
What is the remainder when 3481713 is divided by 7?
4
Calculate the remainder when 9608703 is divided by 274534.
13
Calculate the remainder when 6703581 is divided by 744841.
12
What is the remainder when 110275 is divided by 2515?
2130
What is the remainder when 68300 is divided by 167?
164
What is the remainder when 53582 is divided by 53547?
35
What is the remainder when 38683 is divided by 1325?
258
Calculate the remainder when 1294326 is divided by 52.
46
Calculate the remainder when 3494096 is divided by 2494.
2
What is the remainder when 170866 is divided by 2679?
2089
What is the remainder when 13418 is divided by 2730?
2498
What is the remainder when 15748512 is divided by 15748503?
9
What is the remainder when 224541724 is divided by 1888?
1884
What is the remainder when 3294893 is divided by 88?
85
What is the remainder when 5279894 is divided by 9?
8
Calculate the remainder when 23061 is divided by 1420.
341
Calculate the remainder when 32486844 is divided by 902409.
120
Calculate the remainder when 16114353 is divided by 20.
13
What is the remainder when 60474 is divided by 1881?
282
Calculate the remainder when 546498 is divided by 306.
288
What is the remainder when 4043358 is divided by 25?
8
Calculate the remainder when 2848598 is divided by 202.
196
What is the remainder when 1597765 is divided by 896?
197
Calculate the remainder when 2523958 is divided by 19.
17
Calculate the remainder when 574489 is divided by 191482.
43
Calculate the remainder when 35384840 is divided by 1546.
1538
Calculate the remainder when 78451470 is divided by 5230097.
15
Calculate the remainder when 11704316 is divided by 1312.
1276
Calculate the remainder when 456369 is divided by 5015.
4
Calculate the remainder when 6870227 is divided by 1721.
1716
Calculate the remainder when 634499 is divided by 108.
107
What is the remainder when 92456737 is divided by 2098?
2073
What is the remainder when 3730743 is divided by 9518?
9205
Calculate the remainder when 287555 is divided by 2967.
2723
Calculate the remainder when 202516 is divided by 4131.
97
Calculate the remainder when 139714 is divided by 19938.
148
Calculate the remainder when 739581 is divided by 32.
29
Calculate the remainder when 997184 is divided by 764.
164
Calculate the remainder when 447355 is divided by 684.
19
What is the remainder when 1508085 is divided by 52002?
27
What is the remainder when 117469 is divided by 1992?
1933
Calculate the remainder when 205760 is divided by 29360.
240
Calculate the remainder when 25237 is divided by 3542.
443
Calculate the remainder when 387507 is divided by 9935.
42
What is the remainder when 366354 is divided by 28178?
40
Calculate the remainder when 301138009 is divided by 28.
25
What is the remainder when 24125 is divided by 17980?
6145
What is the remainder when 42908 is divided by 3281?
255
Calculate the remainder when 8662345 is divided by 4086.
25
What is the remainder when 650054 is divided by 394?
348
What is the remainder when 3299332 is divided by 59?
52
What is the remainder when 896574 is divided by 417?
24
What is the remainder when 77811 is divided by 18775?
2711
What is the remainder when 678532230 is divided by 8?
6
Calculate the remainder when 222138 is divided by 5310.
4428
Calculate the remainder when 88832943 is divided by 2238.
9
What is the remainder when 80488201 is divided by 36420?
1
What is the remainder when 2240737 is divided by 1126?
1123
Calculate the remainder when 43794 is divided by 1153.
1133
Calculate the remainder when 4487247 is divided by 17460.
27
Calculate the remainder when 30055647 is divided by 1853.
1840
What is the remainder when 476807 is divided by 3268?
2947
What is the remainder when 602138 is divided by 130?
108
Calculate the remainder when 17946684 is divided by 1148.
0
What is the remainder when 341077 is divided by 113007?
2056
Calculate the remainder when 39172050 is divided by 1160.
10
What is the remainder when 2661198 is divided by 173?
112
What is the remainder when 15785 is divided by 1887?
689
Calculate the remainder when 99206 is divided by 99154.
52
Calculate the remainder when 11607198 is divided by 20471.
141
What is the remainder when 12206 is divided by 372?
302
Calculate the remainder when 35788758 is divided by 7.
5
Calculate the remainder when 9795049 is divided by 223.
220
Calculate the remainder when 960575 is divided by 1532.
11
What is the remainder when 10702744 is divided by 633?
613
What is the remainder when 4218973 is divided by 43?
28
Calculate the remainder when 220554922 is divided by 1042.
1034
Calculate the remainder when 87717 is divided by 258.
255
What is the remainder when 8314297 is divided by 109?
104
What is the remainder when 33792669 is divided by 153603?
9
Calculate the remainder when 15944115 is divided by 47.
23
What is the remainder when 1044893 is divided by 21768?
29
What is the remainder when 4264437 is divided by 85?
72
Calculate the remainder when 791253 is divided by 5778.
5445
Calculate the remainder when 102395 is divided by 782.
735
Calculate the remainder when 320723 is divided by 318569.
2154
What is the remainder when 734010 is divided by 78?
30
Calculate the remainder when 65346986 is divided by 373.
370
What is the remainder when 122138613 is divided by 422?
419
What is the remainder when 7385392 is divided by 9?
1
Calculate the remainder when 21653789 is divided by 7088.
7037
Calculate the remainder when 14695600 is divided by 45780.
220
Calculate the remainder when 84763 is divided by 79402.
5361
What is the remainder when 4409916 is divided by 576?
60
What is the remainder when 121832604 is divided by 136?
132
Calculate the remainder when 30375453 is divided by 34.
23
What is the remainder when 8042814 is divided by 16?
14
Calculate the re